b(k) = k - 2. Let f(j) = -j**2 - 11*j - 13. Let c(s) = s**3 + 4*s**2 + s - 5. Let d be c(-4). Let u be f(d). Calculate b(u).
3
Suppose 4*s - 4*o = 8, -3*s - o - 3*o = -34. Let b(x) = x**3 - 7*x**2 + 7*x + 1. Give b(s).
7
Let i(k) = -k**3 - 3*k**2 + 4*k + 1. Let s be 60/(-14) + 4/14. Let g be i(s). Let u(c) = 8*c**2 + 16 - 2*c**2 - c - 15. Calculate u(g).
6
Let s(z) = -z**2 - 6*z - 6. Let t be (-244)/(-36) + (-2)/(-9). Let r = -11 + t. Calculate s(r).
2
Let s(q) be the second derivative of q**3/2 + 5*q**2/2 + 13*q. Determine s(-5).
-10
Let t(r) = r**3 + 8*r**2 + 6*r - 4. Let v be 6/3*(-28)/8. Calculate t(v).
3
Suppose -3*q - 24 = -3*t, 2*t + 6 = 4*t. Let x(z) = z - 2. Determine x(q).
-7
Let z(j) = j**3 + 9*j**2 + 8*j + 3. Let y be z(-8). Let w(i) = 2*i - i - y*i + 0*i**3 + i**3. Calculate w(-2).
-4
Let c(v) = -v**2 + 6*v - 3. Let z = 3 + 3. Let t be c(z). Let s(h) = 2*h + 3. Calculate s(t).
-3
Let r(c) = 5*c**2 - c + 2*c**2 - 6*c**2. Calculate r(0).
0
Suppose -1 - 3 = -2*o. Let r(g) = g**3 - 5*g**2 - 7 + 4*g**2 - o. Let a = 7 - 7. Give r(a).
-9
Let u(q) = 3*q + 1. Let j(s) = s**3 - 5*s**2 - s + 7. Let y be j(5). Let i be y/(-5) - 65/25. Calculate u(i).
-8
Let q(d) be the first derivative of -1/3*d**3 + 0*d**2 - d + 4. Determine q(0).
-1
Suppose 0 = -3*g + 2*g. Suppose g = -5*x + 2*x + 3. Let d(m) = -6*m + 1. Calculate d(x).
-5
Let a(h) = -6 - 11*h + 4 + 9*h. Calculate a(-4).
6
Let o(r) = -8 + r + 8. Let z(d) = 4*d - 2. Let f(m) = 5*o(m) - z(m). What is f(5)?
7
Let s = -1 + 15. Let t = s - 9. Let v(h) be the second derivative of h**5/20 - h**4/3 - 5*h**3/6 - 3*h**2/2 + h. Calculate v(t).
-3
Let w(l) be the second derivative of -l**4/12 - l**3 + 3*l**2/2 + 12*l. Suppose 0 = 3*h + 8 + 7. Give w(h).
8
Let h(y) = 2*y + 2 - 2 - 6. Let x = -28 + 32. Determine h(x).
2
Suppose 3*v + 7 = 19. Let k(r) = -r**2 + 4*r - 4. Give k(v).
-4
Let l = 16 - 15. Let u(q) = -l + 2*q - 7*q**2 + 6*q - 10*q. Calculate u(-1).
-6
Let g(z) = z - 2. Let q = -10 - -10. Let d be g(q). Let m(i) = -2*i**3 + i - 2. Let f(h) = 2*h**3 - h**2 - h + 3. Let u(x) = d*f(x) - 3*m(x). Give u(1).
3
Suppose 0 = -5*k + 3*a + 13, -2*k = -k + 2*a - 13. Let u(d) = -d + 1. Give u(k).
-4
Let c be (-2)/(-8) + (-99)/(-36). Let m(h) be the second derivative of -2*h + h**2 + 0 + 1/3*h**c + 1/10*h**5 - 1/3*h**4. Determine m(2).
6
Suppose -2*h - 3*u = -7, 0 = 4*u - 3*u - 1. Let f(g) = g**3 - 4*g - 2*g**2 - 57 + 54 + h*g. What is f(3)?
0
Let p(c) = -2*c - 1. Let f(r) = -r**3 + 2*r**2 + 3*r - 1. Let s be f(3). Let w be 14/(-7) + s + 0. Give p(w).
5
Let n(x) = -x**3 - x - 5. Let r(s) = s**2 - 1. Let u be r(3). Let q = u + -2. Suppose -4*d - c = 0, 0 = -q*d + 2*d + c. Determine n(d).
-5
Let g(o) = -o**3 - 2*o**2 - 4*o - 3. Let t be -2*5/(2 + 3). Calculate g(t).
5
Let y(b) = b**2 + 2*b. Let l(x) = -x**2 - 5*x - 1. Let j(o) = -2*o**2 - 6*o - 1. Let t(z) = 5*j(z) - 6*l(z). Let g be ((-6)/8)/3*4. Let f be t(g). What is y(f)?
3
Let g(i) = -1 + 4*i + 3*i - 4*i - i - i**2. Determine g(2).
-1
Let l(s) = 3*s**3 + s**2 + 4. Let t(x) = 4*x**3 + 2*x**2 + 5. Let n(h) = 3*l(h) - 2*t(h). Determine n(2).
6
Let g(o) = 2*o - 1. Let m be ((-30)/4 - -6)*(-8)/6. Give g(m).
3
Let a(r) = -5*r**2 + r - 16. Let z(s) = -s**2 - 1. Let i(d) = a(d) - 4*z(d). Let j be 0*(-1 - 3/(-6)). Calculate i(j).
-12
Let x(g) = -5*g**2 - 2*g - 1. Let j be x(-1). Let u be -2 + ((-16)/(-2) - 3). Let v(k) = 3*k - k**u + 5 + 5*k - 4*k + 2*k**3 + 5*k**2. Calculate v(j).
5
Let j(g) = g**3 + g**2 - 5*g - 3. Let l be j(-3). Let m(r) = -r. Let n be m(-2). Let f(u) = -6*u + 0*u**n + u**3 - u + 5*u**2 - 9. What is f(l)?
-3
Let h(r) be the third derivative of 13*r**7/5040 + r**5/12 - 8*r**2. Let v(b) be the third derivative of h(b). What is v(1)?
13
Let o(l) be the third derivative of l**8/6720 - l**7/1680 + l**5/12 - 6*l**2. Let p(b) be the third derivative of o(b). Calculate p(2).
6
Let h(n) = -n**3 - n**2 - 2*n. Let c be 0 + (-2 + 2 + -2)/1. Give h(c).
8
Let o(y) = 2*y - 1. Let q be o(3). Let b be 2/4*14 - 0. Let r(l) = -b + l + 0*l + q. Calculate r(0).
-2
Let m(o) = -o**2 - 3*o + 2. Let f be (-9)/27 + 2 + 20/(-3). What is m(f)?
-8
Suppose 2*o - 13 = -5. Let d(b) = -b**2 + 4 - 10 + 2*b + 3*b. Give d(o).
-2
Let a(z) be the second derivative of 3*z**5/10 - z**4/6 + z**2/2 + 5*z. Determine a(-1).
-7
Let v(o) = -5*o**2 + 3*o - 10. Let s(u) = 6*u**2 - 4*u + 11. Let b(d) = 6*s(d) + 7*v(d). Calculate b(5).
6
Let c(j) = -2*j**2 + j + 2. Let u be (3/(-2))/(9/12). Determine c(u).
-8
Let z(h) = -h - 3 - 5*h**3 + 3. Let u(x) = -2*x - 13. Let a be u(7). Let l = a + 26. Give z(l).
6
Let c(j) = 20*j - 11. Let i(g) = -9*g + 5. Let r(k) = 4*c(k) + 9*i(k). Calculate r(-3).
4
Let l be (-4)/(4/6 - 0). Let c be (4/l)/((-10)/75). Let p(w) be the second derivative of -w**5/20 + w**4/2 - 7*w**3/6 + 3*w**2 - w. Calculate p(c).
-4
Let c(a) be the third derivative of -a**6/120 - a**5/10 - 7*a**4/24 - 2*a**3/3 - 11*a**2. Suppose -21 = 3*d - y - 5, -d = 5*y. Determine c(d).
6
Let k be (-7)/(-21) - 28/(-6). Let b(i) = i**3 - 6*i**2 + 7*i - 1. Calculate b(k).
9
Suppose -6*z + 12 + 0 = 0. Let m(k) be the first derivative of -1/4*k**4 + 3 - 2*k + 1/2*k**z - k**3. Determine m(-3).
-5
Suppose 22*q - 6 = 20*q. Let a(l) be the second derivative of 0 + 1/3*l**q - 4*l + 1/2*l**2. Give a(-5).
-9
Let n(h) = -4*h**3 + 3*h**2 - 2*h - 2. Let r(m) = 3*m**3 - 2*m**2 + m + 1. Let s(o) = 2*n(o) + 3*r(o). What is s(3)?
23
Let f(x) = -x + 2. Let y(l) = 3*l - 7. Let v(j) = -8*f(j) - 3*y(j). What is v(5)?
0
Let m(t) = -5 - t**2 + 2 + 2 - 7*t. Determine m(-6).
5
Let p(v) = -v**2 + 6*v - 2. Let u be p(5). Let i(m) = -m**3 + 5*m**2 - m. Calculate i(u).
15
Let p(s) = 2*s - 2. Suppose -7*o + 2*o - 25 = 0. Give p(o).
-12
Suppose 5*x + 1 = -4. Let v be 4*x/(-2) - 3. Let k(n) = 3. Let o(u) = u**3 + 7. Let g(j) = -9*k(j) + 4*o(j). Give g(v).
-3
Let k(g) be the second derivative of g**3/6 - 13*g**2/2 - 30*g - 2. Calculate k(12).
-1
Let x(h) be the third derivative of -h**5/60 - h**4/24 - h**3 - h**2. Calculate x(0).
-6
Suppose -j + 0*f + 8 = -3*f, -5*j = -5*f. Let r be 3/j*(-8)/2. Let v(d) = d**2 + d - 2. Give v(r).
10
Suppose 4*m + 10 = 5*c - 7*c, -2*m - 3 = 3*c. Let i(b) = -2*b - 4. Calculate i(m).
2
Let p(o) = -o**2 + 4*o + 3. Let h be 2/(6/4 - 1). Suppose 2*j - 3*a = -7, -3*a = -5*j - h*a + 25. Let u = -1 + j. Determine p(u).
6
Let f(s) be the third derivative of -7*s**6/120 + s**5/60 - s**2. Suppose 4*r + 0*r = -5*c - 17, -18 = 3*c + 5*r. Give f(c).
8
Suppose h - 11 - 1 = 0. Suppose -w = -3*w - s + h, 0 = -w - s + 6. Let q(k) = w*k - 7 - k**3 + 4 - 3*k**2 - k**2 - 2. Determine q(-5).
-10
Let g(m) = m**3 - m + 4. Suppose 3*y = 2*y + 4*y. Calculate g(y).
4
Let j be 120/(-90) + -1*(-11)/(-3). Let f(d) be the third derivative of d**5/60 + d**4/6 - d**3/2 - d**2. Give f(j).
2
Let h be 2/1 + 5 + -5. Suppose 2*z + 25 = 5*p, -h*p + 3*z = -4 - 6. Let x(f) be the second derivative of f**3/3 - 7*f**2/2 - 2*f. What is x(p)?
3
Let h(j) = j + 1. Let n be (5/(-15))/(1/(-21)). Calculate h(n).
8
Let r(i) be the second derivative of i**4/6 + 2*i**3/3 - i. Suppose h - 18 = 4*m - 0, h = 5*m + 22. Suppose 2*c + h*s = 4*c, -4*c - 21 = 3*s. Determine r(c).
6
Let k(v) = v**2 + 2*v - 1. Let n be k(-4). Let j = 4 - n. Let s(o) = o**3 - 1 - o**3 - o**3 - 4*o + o**2 - 4*o**2. Calculate s(j).
11
Let d = -5 + 9. Let t(q) = q**3 - 5*q**2 + 4*q + 3. Give t(d).
3
Let z be -1*15/(-20) - 27/4. Let h(l) = l**2 + 7*l + 2. Give h(z).
-4
Let b(v) = -6*v - 19 - 16 + 39. Determine b(4).
-20
Suppose 7*i = 3*i - 8. Let y(v) = v**3 - 2*v**2 + 2*v - 2. Let q be y(2). Let c(p) = -2*p**2 - q - 2*p + 0 + 0*p + 4. Calculate c(i).
-2
Let i(y) = -y - 6. Let k(d) = d**2 + 15*d + 19. Let q be k(-14). Determine i(q).
-11
Let v(m) be the third derivative of -m**4/24 - m**3/6 + 9*m**2. What is v(5)?
-6
Let s(b) = -14 + 2*b - 5 + 12. What is s(5)?
3
Suppose 9 = -2*l + 3. Let n(s) = 3*s**3 + 5*s**2 - 2*s**3 - 3*s**2 + 4. Determine n(l).
-5
Let l(j) = -j**2 + 1. Let g(w) = w**3 - 5*w**2 - 9*w + 8. Let v(p) = -g(p) - 2*l(p). Calculate v(8).
-2
Let z(s) = -s**2 + 7*s - 7. Let j be z(6). Let w(v) = v**2 - 1. Calculate w(j).
0
Let x(v) be the second derivative of -v**4/3 + v**3/3 - v**2/2 - v. Let j = -295 + 296. What is x(j)?
-3
Let k(s) = 6*s**2 - 6*s + 4. Let f(h) = 